ctors of (-1)/3 + (-127)/(-3)?
2, 3, 7
Let n(s) = -s - s + 1 + s. Let y be n(5). List the prime factors of 75/11 - y/22.
7
Let w(h) = h - 2. Let u be w(1). Suppose 5*k - 22 = 3*k. What are the prime factors of (0 + 2)/u + k?
3
Suppose 3*w = 5*w - 720. What are the prime factors of w?
2, 3, 5
Let j be ((-9)/(-6))/(6/256). Let r = j - 35. List the prime factors of r.
29
Suppose -10 = -3*l + 14. Suppose -l = -2*t + 22. List the prime factors of t.
3, 5
Let i = 7 - 8. What are the prime factors of (i/2)/(4/(-136))?
17
Let a = 65 + -45. What are the prime factors of 168/a + 3/5?
3
List the prime factors of 2/(-5) - (-2748)/20.
137
Suppose 0 = p + p + 10. Let j be (-12)/(-5) - 3/p. Suppose 0*c = -4*c + j*a + 80, 62 = 2*c + 4*a. What are the prime factors of c?
23
Let l = -92 + 157. What are the prime factors of l?
5, 13
Let i(x) = x + 7. Let y be i(-9). Let q(k) = 3*k**2 + 3*k + 3. What are the prime factors of q(y)?
3
Let o = 14 + -32. Let z = 45 + o. Suppose 2 = m - y - 1, 4*m - z = -y. What are the prime factors of m?
2, 3
Let o = -62 - -99. List the prime factors of o.
37
Let i(h) = -1 + 0*h - h + 0 - 2. What are the prime factors of i(-17)?
2, 7
Suppose -2*j - 23 = n - 10, -n = -j - 5. Let h(w) = w**3 + 7*w**2 - w - 5. What are the prime factors of h(j)?
37
Let x(u) = -3*u - 8. Let d be x(9). Let a be 2 + 0 - (d - -2). Let g = a - 24. What are the prime factors of g?
11
Suppose -611 = -2*w - 5*z - 119, 5*w - 5*z = 1160. What are the prime factors of w?
2, 59
Let b = 47 - 29. Let o = 31 - b. List the prime factors of o.
13
Let t = -217 - -391. What are the prime factors of t?
2, 3, 29
Let a(d) be the second derivative of d**5/20 - 7*d**4/12 - 5*d**2/2 + 2*d. Let z be a(7). List the prime factors of (6/z)/(15/(-50)).
2
Let l(p) = 4*p - 1. Let z be l(1). Suppose 4*w = i + 20, 0 = z*w - w + 5*i + 12. List the prime factors of w.
2
Suppose 6 = -h + 2*h. Suppose -2*k = -2 - h. List the prime factors of 6/4 + 2/k.
2
Let m = 1 + -6. What are the prime factors of (-12)/m + (-6)/15?
2
Suppose -5*s - 4*i + 79 = 0, -3*s + s + 5*i + 25 = 0. List the prime factors of s.
3, 5
Let p(o) = o + 3. Suppose i + 3*q + 3 = 0, 2*i + 2*i - 5 = 5*q. List the prime factors of p(i).
3
Let h be (20/(-3))/((-10)/30). Let m = h - 4. List the prime factors of m.
2
Let z(v) = -v**3 - 9*v**2 + 8*v + 1. Let s be z(-10). Let k = s + -9. List the prime factors of k.
2, 3
Let m(l) = -l - 3. Suppose 0*z = z + 6. What are the prime factors of m(z)?
3
Let g be (2 - (-6)/(-5))*10. Let o(c) = -c**3 - 2*c**2 - c. Let p be o(-1). Suppose p*y - y = -g. What are the prime factors of y?
2
Let m(f) = 3*f + 9*f - 7*f**2 - 11 - 3*f + 8*f**2. List the prime factors of m(-12).
5
Let x(j) = -2*j**2 + 24*j + 4. Suppose -2*p + 25 - 5 = 0. List the prime factors of x(p).
2, 11
Let a(g) = 9*g + 4. Let x(p) = -8*p - 3. Let k(f) = -4*a(f) - 5*x(f). Let m be 1 + (-1 - -2) - 0. What are the prime factors of k(m)?
7
Let i = 0 - -8. Let t = 55 - 38. Let k = t - i. List the prime factors of k.
3
Suppose 0 = 8*a - 463 + 95. List the prime factors of a.
2, 23
Let n(u) be the third derivative of u**5/30 + u**4/24 + u**3/3 + 2*u**2. List the prime factors of n(-3).
17
Let h = 1 - -5. Suppose 3*i + 0 = -h. List the prime factors of (-200)/(-15) + i/6.
13
Let r = 34 + -27. Suppose -r*h + 12 = -44. List the prime factors of h.
2
Suppose 0 = -3*c + 48 + 30. Suppose 10 = 7*g - 2*g. Suppose -3*b + 83 = -4*w, 3*b - c = -g*w + 27. What are the prime factors of b?
3, 7
Let w(n) = -5*n**3 + 5*n**2 + 19*n + 2. Let g(u) = -3*u**3 + 2*u**2 + 10*u + 1. Let h(x) = 7*g(x) - 4*w(x). What are the prime factors of h(-5)?
2
Let d(l) = l**2 + 10*l + 2. Let v be d(-10). Let u(r) = -5*r**v - 2*r**3 + 2*r + 2 + 2*r**2 - 3. List the prime factors of u(-3).
2, 5
Let b be 5/15 - 50/6. Let q = b - -11. List the prime factors of q.
3
Suppose 0 = -3*i + 2*u + 83, 3*i - 5*u = -i + 120. List the prime factors of 335/i + (-6)/(-10).
2, 7
Suppose -2*p + 1 + 4 = -u, 3*p = 2*u + 6. Suppose -7*i = -3*i - p. What are the prime factors of (0/i)/1 - -7?
7
Suppose -1 = -2*n - 7. What are the prime factors of (-74)/(-4) - n/(-2)?
17
Let s(j) = j**2 - j + 6. Let v be s(0). Suppose -v*a - 26 = -110. List the prime factors of a.
2, 7
Suppose -z - 9 = -4*g, -3*z + 15 = -6*z. Let r be 1 - -31 - g/(-1). Let s = -20 + r. List the prime factors of s.
13
Let q(o) = -60*o + 1. Let m be q(-1). Suppose -c - 5*u = -2*c + 35, 3*c - 4*u = m. List the prime factors of c.
3, 5
Suppose -3*n - 4*m = m - 180, 3*m + 211 = 4*n. List the prime factors of n.
5, 11
Suppose -70 = -3*i + 3*r - 25, 0 = 3*r - 6. Let x = 3 + 2. Let b = i - x. What are the prime factors of b?
2, 3
Let k(q) = q**3 - 14*q**2 + 17*q + 4. List the prime factors of k(13).
2, 7
What are the prime factors of 50/(4 - 3) + 1?
3, 17
Suppose 37 = 5*o + 2. Let p = -3 + o. Suppose -g - p*g = -90. What are the prime factors of g?
2, 3
Let s be ((-6)/(-2))/(1/(-116)). What are the prime factors of (-1)/3 - s/18?
19
Let i(t) = t**3 - 4*t**2 + t - 2. Let n be i(4). Suppose k + 34 = 2*k - 5*f, 32 = n*k + 2*f. What are the prime factors of k?
19
Let u = 118 + -18. Let s = -58 + u. Suppose -c = 4*j - s, 0*j + 4*j - 34 = -5*c. What are the prime factors of j?
11
Suppose 2 - 4 = r. Let j = r - -4. Suppose f + j*f - 33 = 0. What are the prime factors of f?
11
Let o(w) = -w**2 + 9*w + 4. Let t be o(7). Suppose 21 = v - t. Suppose -7*r + 3*r = j - 21, -5*j + v = -2*r. List the prime factors of j.
3
Suppose -5*u + 8*u = 228. Suppose 5*c - 4*j - 58 = 0, 3*c = -2*c - 2*j + u. What are the prime factors of c?
2, 7
Let l = 7 - 7. Let c = l + 28. What are the prime factors of c?
2, 7
List the prime factors of (-52)/13 + 1*212.
2, 13
Let k(i) = 2*i**2 + 4*i + 3. Let l = 21 - 14. Let x = l - 10. List the prime factors of k(x).
3
Suppose -u - 1050 = -6*u. What are the prime factors of u?
2, 3, 5, 7
Let t = 40 + -25. What are the prime factors of t?
3, 5
Suppose 0 = -2*r + 3*n + 77, 59 = -0*r + 2*r + 3*n. List the prime factors of r.
2, 17
Let a(u) = u**2 + 9*u - 1. Let p be a(-6). Let w(h) = -2*h - 5. Let b be w(4). Let z = b - p. What are the prime factors of z?
2, 3
Let n be (16/12)/(4/(-66)). Let v = -16 - n. What are the prime factors of v*1 + (4 - 4)?
2, 3
Suppose 2*u - 15 = -3*u. Suppose z - 80 = -u*z. List the prime factors of z.
2, 5
Suppose 3*i + 3*p - 81 = -i, 0 = p - 3. What are the prime factors of i?
2, 3
Suppose 2*x = -y - 15 + 1, -3*y + 2*x = 10. Let o(m) = -m**2 - 9*m - 1. What are the prime factors of o(y)?
17
Let m be (-2 + 3)*(-4)/4. Let b = 2 - m. List the prime factors of ((-1)/b)/(5/(-165)).
11
Let s be (16/3)/((-2)/(-18)). Suppose 0 = -3*w + 30 + s. List the prime factors of w.
2, 13
Let v(x) = -x**3 + 5*x**2 + 2*x - 6. Let b(k) = -k + 11. Let y be b(6). Let j be v(y). Suppose -7 = -j*c + 5. List the prime factors of c.
3
Let o(l) be the third derivative of l**2 + 7/24*l**4 + 0 + 0*l - 1/3*l**3. List the prime factors of o(2).
2, 3
Let v be (-2)/(32/(-20) - -2). Let t = 12 - v. What are the prime factors of t?
17
Let q = -721 - -1013. What are the prime factors of q?
2, 73
Let z(d) be the second derivative of -1/3*d**3 - 1/2*d**2 + 5/12*d**4 - 3*d + 0. List the prime factors of z(-1).
2, 3
Suppose -3*h - 6 = -6*h. Suppose -h*p = 17 - 7. Let a = p - -7. List the prime factors of a.
2
Suppose -u - 4*s + 23 + 146 = 0, -u = -5*s - 151. List the prime factors of u.
7, 23
Let h(m) be the first derivative of m**4/4 + 4*m**3 - m**2/2 - 10*m + 1. List the prime factors of h(-12).
2
Let v = -1 + -8. Let b(k) = k**3 + 8*k**2 - 11*k - 8. Let u be b(v). Suppose 2*n - 46 = -5*z, -2*z + 41 - u = 5*n. What are the prime factors of z?
2
Suppose h = 5*t - 35 + 4, 2*h + 50 = -2*t. List the prime factors of -4*6*h/16.
3, 13
List the prime factors of 3/9*123*7.
7, 41
Let f(d) = -d. Let z(j) = -4*j - 1. Let s(g) = 3*f(g) - z(g). List the prime factors of s(4).
5
Suppose -4*k + 42 = -3*q, -q - 11 = -3*k + 2*k. Let v(h) = -h**2 + 10*h + 3. List the prime factors of v(k).
2, 3
Let o be -1 - -1 - 180/(-4). Suppose 5*l - o = 4*l. List the prime factors of l.
3, 5
Suppose -62 = 4*x - 6*x. What are the prime factors of x?
31
Let s = 0 - -1. Let d be s - (-2 - -4)*-1. Suppose 4*q = 5*a - 56, -a + d*a - q - 20 = 0. What are the prime fa